{"id":46,"date":"2025-06-01T17:16:04","date_gmt":"2025-06-01T17:16:04","guid":{"rendered":"https:\/\/www.blumengruber.at\/?page_id=46"},"modified":"2025-07-28T09:56:44","modified_gmt":"2025-07-28T09:56:44","slug":"home","status":"publish","type":"page","link":"https:\/\/www.blumengruber.at\/","title":{"rendered":"Home"},"content":{"rendered":"\t\t<div data-elementor-type=\"wp-page\" data-elementor-id=\"46\" class=\"elementor elementor-46\">\n\t\t\t\t<div class=\"elementor-element elementor-element-161b296 e-flex e-con-boxed e-con e-parent\" data-id=\"161b296\" data-element_type=\"container\" data-e-type=\"container\">\n\t\t\t\t\t<div class=\"e-con-inner\">\n\t\t\t\t<div class=\"elementor-element elementor-element-e3c0129 elementor-widget elementor-widget-html\" data-id=\"e3c0129\" data-element_type=\"widget\" data-e-type=\"widget\" data-widget_type=\"html.default\">\n\t\t\t\t<div class=\"elementor-widget-container\">\n\t\t\t\t\t<!DOCTYPE html>\r\n<html lang=\"de\">\r\n<head>\r\n  <meta charset=\"UTF-8\">\r\n  <title>Startseite<\/title>\r\n  <style>\r\n    \/* Header\u2010Banner *\/\r\n    .site-header {\r\n      width: 100%;\r\n      overflow: hidden;\r\n      margin: 0;\r\n      padding: 0;\r\n    }\r\n    .site-header img {\r\n      display: block;\r\n      width: 100%;\r\n      height: auto;\r\n    }\r\n  <\/style>\r\n<\/head>\r\n<body>\r\n\r\n  <!-- Banner oben -->\r\n  <header class=\"site-header\">\r\n    <img decoding=\"async\" src=\"https:\/\/www.blumengruber.at\/wp-content\/uploads\/2025\/06\/Doris-Logo-mit-Slogan.jpg\"\r\n         alt=\"Zeitlos sch\u00f6n. Mit Liebe gebunden. \u2013 Doris Dworschak\">\r\n  <\/header>\r\n\r\n  <!-- Rest deiner Seite -->\r\n  <main>\r\n    <!-- ... -->\r\n  <\/main>\r\n\r\n<\/body>\r\n<\/html>\r\n\t\t\t\t<\/div>\n\t\t\t\t<\/div>\n\t\t\t\t\t<\/div>\n\t\t\t\t<\/div>\n\t\t<div class=\"elementor-element elementor-element-23faff1 e-flex e-con-boxed e-con e-parent\" data-id=\"23faff1\" data-element_type=\"container\" data-e-type=\"container\">\n\t\t\t\t\t<div class=\"e-con-inner\">\n\t\t\t\t<div class=\"elementor-element elementor-element-30d5a41 elementor-widget elementor-widget-html\" data-id=\"30d5a41\" data-element_type=\"widget\" data-e-type=\"widget\" data-widget_type=\"html.default\">\n\t\t\t\t<div class=\"elementor-widget-container\">\n\t\t\t\t\t<!DOCTYPE html>\r\n<html lang=\"de\">\r\n<head>\r\n  <meta charset=\"UTF-8\">\r\n  <title>Text im farbigen Feld<\/title>\r\n  <style>\r\n    @import url('https:\/\/fonts.cdnfonts.com\/css\/champagne');\r\n    body {\r\n      margin: 0;\r\n      padding: 0;\r\n      font-family: sans-serif;\r\n      background-color: #f5f5f5;\r\n    }\r\n    .text-container {\r\n      max-width: 800px;\r\n      margin: 40px auto;\r\n      padding: 0 20px;\r\n    }\r\n    .text-box {\r\n      background-color: #d9b9b9;\r\n      padding: 24px;\r\n      border-radius: 8px;\r\n      box-shadow: 0 4px 12px rgba(0,0,0,0.08);\r\n      width: 100%;\r\n    }\r\n    .text-box p {\r\n      margin: 0 0 1em;\r\n      line-height: 1.5;\r\n      color: #ffffff;\r\n      font-size: 1rem;\r\n    }\r\n    .text-box p:first-child {\r\n      font-weight: bold;\r\n      font-size: 1.2rem;\r\n    }\r\n    .text-box p:last-child {\r\n      margin-bottom: 0;\r\n    }\r\n    .signature-text {\r\n      font-family: 'Champagne', cursive;\r\n      font-size: 2rem;\r\n      color: #ffffff;\r\n      margin-top: 32px;\r\n    }\r\n\r\n    @media (max-width: 600px) {\r\n      .text-container {\r\n        margin: 20px auto;\r\n        padding: 0 10px;\r\n      }\r\n      .text-box {\r\n        padding: 16px;\r\n      }\r\n      .text-box p {\r\n        font-size: 0.95rem;\r\n      }\r\n      .text-box p:first-child {\r\n        font-size: 1.1rem;\r\n      }\r\n      .signature-text {\r\n        font-size: 1.8rem;\r\n        margin-top: 24px;\r\n      }\r\n    }\r\n  <\/style>\r\n<\/head>\r\n<body>\r\n\r\n  <div class=\"text-container\">\r\n    <div class=\"text-box\">\r\n      <p>Willkommen bei BLUMEN GRUBER \u2013\r\n      <br>Ihre Adresse f\u00fcr florale Handwerkskunst in Leibnitz<\/p>\r\n      <p>Mehr als 40 Jahre hat Gertrude Gruber mit Hingabe, Kreativit\u00e4t und Leidenschaft Ihre Kundinnen und Kunden mit Blumen und Pflanzen in bester Qualit\u00e4t verzaubert.<\/p>\r\n      <p>Im Juni 2025 habe ich die Leitung \u00fcbernommen und f\u00fchre dieses traditionsreiche Blumenfachgesch\u00e4ft mit viel Herz, frischem Elan und der Liebe zum Detail weiter. Durch meine langj\u00e4hrige Erfahrung in der Floristik und feinem Gesp\u00fcr f\u00fcr Trends und Traditionen erhalten Sie auch weiterhin kreative Blumenarrangements, stilvolle Dekorationen und pers\u00f6nliche Beratung f\u00fcr jeden Anlass und jede Jahreszeit.<\/p>\r\n      <p>Ich freue mich darauf, Sie pers\u00f6nlich begr\u00fc\u00dfen zu d\u00fcrfen und den f\u00fcr Sie individuellen, besonderen blumigen Moment zu gestalten.<\/p>\r\n\r\n      <!-- Signatur -->\r\n      <div class=\"signature-text\">Ihre Doris Dworschak<\/div>\r\n    <\/div>\r\n  <\/div>\r\n\r\n<\/body>\r\n<\/html>\r\n\t\t\t\t<\/div>\n\t\t\t\t<\/div>\n\t\t\t\t\t<\/div>\n\t\t\t\t<\/div>\n\t\t<div class=\"elementor-element elementor-element-c9b7112 e-flex e-con-boxed e-con e-parent\" data-id=\"c9b7112\" data-element_type=\"container\" data-e-type=\"container\">\n\t\t\t\t\t<div class=\"e-con-inner\">\n\t\t\t\t<div class=\"elementor-element elementor-element-f05dca3 elementor-widget elementor-widget-html\" data-id=\"f05dca3\" data-element_type=\"widget\" data-e-type=\"widget\" data-widget_type=\"html.default\">\n\t\t\t\t<div class=\"elementor-widget-container\">\n\t\t\t\t\t<style>\r\n  \/* \u00dcberschrift zentriert und in passender Serif-Schrift *\/\r\n  .section-title {\r\n    color: #b72b45;\r\n    font-family: Georgia, serif;\r\n    font-size: 32px;\r\n    text-align: center;\r\n    margin: 40px 0 20px;\r\n    line-height: 1.2;\r\n  }\r\n<\/style>\r\n\r\n<h2 class=\"section-title\">\r\n  Unsere Leistungen im \u00dcberblick\r\n<\/h2>\r\n\t\t\t\t<\/div>\n\t\t\t\t<\/div>\n\t\t\t\t\t<\/div>\n\t\t\t\t<\/div>\n\t\t<div class=\"elementor-element elementor-element-c6900b9 e-flex e-con-boxed e-con e-parent\" data-id=\"c6900b9\" data-element_type=\"container\" data-e-type=\"container\">\n\t\t\t\t\t<div class=\"e-con-inner\">\n\t\t\t\t<div class=\"elementor-element elementor-element-c2a14bd elementor-widget elementor-widget-html\" data-id=\"c2a14bd\" data-element_type=\"widget\" data-e-type=\"widget\" data-widget_type=\"html.default\">\n\t\t\t\t<div class=\"elementor-widget-container\">\n\t\t\t\t\t<style>\r\n.floristik-grid {\r\n  display: flex;\r\n  flex-wrap: nowrap;\r\n  gap: 20px;\r\n  justify-content: center;\r\n  overflow-x: auto;\r\n  scroll-snap-type: x mandatory;\r\n}\r\n\r\n.floristik-item {\r\n  flex: 0 0 30%;\r\n  min-width: 280px;\r\n  box-sizing: border-box;\r\n  text-align: center;\r\n  scroll-snap-align: start;\r\n}\r\n\r\n.floristik-item img {\r\n  width: 100%;\r\n  height: 500px;\r\n  object-fit: cover;\r\n  object-position: center;\r\n  border-radius: 8px;\r\n  box-shadow: 0 4px 12px rgba(0,0,0,0.08);\r\n  opacity: 0.8;               \/* leicht transparent *\/\r\n  filter: grayscale(10%);     \/* leicht ents\u00e4ttigt *\/\r\n  transition: transform 0.4s ease-in-out,\r\n              box-shadow 0.4s ease-in-out,\r\n              opacity 0.4s ease-in-out,\r\n              filter 0.4s ease-in-out;\r\n}\r\n\r\n.floristik-item img:hover {\r\n  transform: scale(1.03);\r\n  box-shadow: 0 8px 20px rgba(0,0,0,0.15);\r\n  opacity: 1;                \/* volle Deckkraft on hover *\/\r\n  filter: none;              \/* ents\u00e4ttigung zur\u00fccksetzen *\/\r\n}\r\n\r\n.floristik-item a.btn-link {\r\n  display: inline-block;\r\n  margin-top: 12px;\r\n  padding: 10px 18px;\r\n  background-color: #b72b45;\r\n  color: #fff;\r\n  border-radius: 30px;\r\n  font-family: 'Playfair Display', serif;\r\n  font-size: 16px;\r\n  text-decoration: none;\r\n  transition: background-color 0.3s ease, transform 0.3s ease;\r\n}\r\n\r\n.floristik-item a.btn-link:hover {\r\n  background-color: #962237;\r\n  transform: translateY(-2px);\r\n}\r\n\r\n@media (min-width: 769px) {\r\n  .floristik-grid {\r\n    overflow-x: hidden;\r\n    justify-content: center;\r\n  }\r\n}\r\n\r\n@media (max-width: 768px) {\r\n  .floristik-grid {\r\n    justify-content: flex-start;\r\n  }\r\n  .floristik-item {\r\n    flex: 0 0 80%;\r\n    min-width: 80%;\r\n  }\r\n  .floristik-item img {\r\n    height: 400px;\r\n  }\r\n}\r\n<\/style>\r\n\r\n<div class=\"floristik-grid\">\r\n  <div class=\"floristik-item\">\r\n    <a href=\"https:\/\/www.blumengruber.at\/?page_id=383\">\r\n      <img decoding=\"async\" src=\"https:\/\/www.blumengruber.at\/wp-content\/uploads\/2025\/06\/02.jpg\" alt=\"Hochzeitsfloristik\">\r\n    <\/a>\r\n    <a class=\"btn-link\" href=\"https:\/\/www.blumengruber.at\/?page_id=383\">\r\n      Hochzeitsfloristik\r\n    <\/a>\r\n  <\/div>\r\n  <div class=\"floristik-item\">\r\n    <a href=\"https:\/\/www.blumengruber.at\/?page_id=386\">\r\n      <img decoding=\"async\" src=\"https:\/\/www.blumengruber.at\/wp-content\/uploads\/2025\/06\/Beardigung.jpg\" alt=\"Trauerfloristik\">\r\n    <\/a>\r\n    <a class=\"btn-link\" href=\"https:\/\/www.blumengruber.at\/?page_id=386\">\r\n      Trauerfloristik\r\n    <\/a>\r\n  <\/div>\r\n  <div class=\"floristik-item\">\r\n    <a href=\"https:\/\/www.blumengruber.at\/?page_id=388\">\r\n      <img decoding=\"async\" src=\"https:\/\/www.blumengruber.at\/wp-content\/uploads\/2025\/06\/01.jpg\" alt=\"Saisonale Gestaltungen\">\r\n    <\/a>\r\n    <a class=\"btn-link\" href=\"https:\/\/www.blumengruber.at\/?page_id=388\">\r\n      Saisonale Gestaltungen\r\n    <\/a>\r\n  <\/div>\r\n<\/div>\r\n\t\t\t\t<\/div>\n\t\t\t\t<\/div>\n\t\t\t\t\t<\/div>\n\t\t\t\t<\/div>\n\t\t<div class=\"elementor-element elementor-element-1f5012a e-flex e-con-boxed e-con e-parent\" data-id=\"1f5012a\" data-element_type=\"container\" data-e-type=\"container\">\n\t\t\t\t\t<div class=\"e-con-inner\">\n\t\t\t\t<div class=\"elementor-element elementor-element-229c5bc elementor-widget elementor-widget-heading\" data-id=\"229c5bc\" data-element_type=\"widget\" data-e-type=\"widget\" data-widget_type=\"heading.default\">\n\t\t\t\t<div class=\"elementor-widget-container\">\n\t\t\t\t\t<h2 class=\"elementor-heading-title elementor-size-default\">\n  \n<\/h2>\t\t\t\t<\/div>\n\t\t\t\t<\/div>\n\t\t\t\t\t<\/div>\n\t\t\t\t<\/div>\n\t\t<div class=\"elementor-element elementor-element-367c455 e-flex e-con-boxed e-con e-parent\" data-id=\"367c455\" data-element_type=\"container\" data-e-type=\"container\">\n\t\t\t\t\t<div class=\"e-con-inner\">\n\t\t\t\t<div class=\"elementor-element elementor-element-8600f6e elementor-shape-circle e-grid-align-left elementor-widget__width-initial elementor-grid-0 elementor-widget elementor-widget-social-icons\" data-id=\"8600f6e\" data-element_type=\"widget\" data-e-type=\"widget\" data-widget_type=\"social-icons.default\">\n\t\t\t\t<div class=\"elementor-widget-container\">\n\t\t\t\t\t\t\t<div class=\"elementor-social-icons-wrapper elementor-grid\" role=\"list\">\n\t\t\t\t\t\t\t<span class=\"elementor-grid-item\" role=\"listitem\">\n\t\t\t\t\t<a class=\"elementor-icon elementor-social-icon elementor-social-icon-instagram elementor-animation-grow elementor-repeater-item-2fa13bb\" href=\"https:\/\/www.instagram.com\/blumen_gruber?igsh=MWp1c29tMnIwdWJ2\" target=\"_blank\">\n\t\t\t\t\t\t<span class=\"elementor-screen-only\">Instagram<\/span>\n\t\t\t\t\t\t<svg aria-hidden=\"true\" class=\"e-font-icon-svg e-fab-instagram\" viewBox=\"0 0 448 512\" xmlns=\"http:\/\/www.w3.org\/2000\/svg\"><path d=\"M224.1 141c-63.6 0-114.9 51.3-114.9 114.9s51.3 114.9 114.9 114.9S339 319.5 339 255.9 287.7 141 224.1 141zm0 189.6c-41.1 0-74.7-33.5-74.7-74.7s33.5-74.7 74.7-74.7 74.7 33.5 74.7 74.7-33.6 74.7-74.7 74.7zm146.4-194.3c0 14.9-12 26.8-26.8 26.8-14.9 0-26.8-12-26.8-26.8s12-26.8 26.8-26.8 26.8 12 26.8 26.8zm76.1 27.2c-1.7-35.9-9.9-67.7-36.2-93.9-26.2-26.2-58-34.4-93.9-36.2-37-2.1-147.9-2.1-184.9 0-35.8 1.7-67.6 9.9-93.9 36.1s-34.4 58-36.2 93.9c-2.1 37-2.1 147.9 0 184.9 1.7 35.9 9.9 67.7 36.2 93.9s58 34.4 93.9 36.2c37 2.1 147.9 2.1 184.9 0 35.9-1.7 67.7-9.9 93.9-36.2 26.2-26.2 34.4-58 36.2-93.9 2.1-37 2.1-147.8 0-184.8zM398.8 388c-7.8 19.6-22.9 34.7-42.6 42.6-29.5 11.7-99.5 9-132.1 9s-102.7 2.6-132.1-9c-19.6-7.8-34.7-22.9-42.6-42.6-11.7-29.5-9-99.5-9-132.1s-2.6-102.7 9-132.1c7.8-19.6 22.9-34.7 42.6-42.6 29.5-11.7 99.5-9 132.1-9s102.7-2.6 132.1 9c19.6 7.8 34.7 22.9 42.6 42.6 11.7 29.5 9 99.5 9 132.1s2.7 102.7-9 132.1z\"><\/path><\/svg>\t\t\t\t\t<\/a>\n\t\t\t\t<\/span>\n\t\t\t\t\t\t\t<span class=\"elementor-grid-item\" role=\"listitem\">\n\t\t\t\t\t<a class=\"elementor-icon elementor-social-icon elementor-social-icon-facebook elementor-animation-grow elementor-repeater-item-d2da00c\" href=\"https:\/\/www.facebook.com\/profile.php?id=61578135240312\" target=\"_blank\">\n\t\t\t\t\t\t<span class=\"elementor-screen-only\">Facebook<\/span>\n\t\t\t\t\t\t<svg aria-hidden=\"true\" class=\"e-font-icon-svg e-fab-facebook\" viewBox=\"0 0 512 512\" xmlns=\"http:\/\/www.w3.org\/2000\/svg\"><path d=\"M504 256C504 119 393 8 256 8S8 119 8 256c0 123.78 90.69 226.38 209.25 245V327.69h-63V256h63v-54.64c0-62.15 37-96.48 93.67-96.48 27.14 0 55.52 4.84 55.52 4.84v61h-31.28c-30.8 0-40.41 19.12-40.41 38.73V256h68.78l-11 71.69h-57.78V501C413.31 482.38 504 379.78 504 256z\"><\/path><\/svg>\t\t\t\t\t<\/a>\n\t\t\t\t<\/span>\n\t\t\t\t\t<\/div>\n\t\t\t\t\t\t<\/div>\n\t\t\t\t<\/div>\n\t\t\t\t\t<\/div>\n\t\t\t\t<\/div>\n\t\t<div class=\"elementor-element elementor-element-c670ec1 e-flex e-con-boxed e-con e-parent\" data-id=\"c670ec1\" data-element_type=\"container\" data-e-type=\"container\">\n\t\t\t\t\t<div class=\"e-con-inner\">\n\t\t\t\t<div class=\"elementor-element elementor-element-c0a98df elementor-widget elementor-widget-html\" data-id=\"c0a98df\" data-element_type=\"widget\" data-e-type=\"widget\" data-widget_type=\"html.default\">\n\t\t\t\t<div class=\"elementor-widget-container\">\n\t\t\t\t\t<style>\r\n  .footer {\r\n    background-color: #f7f7f7;\r\n    padding: 30px 20px 10px;\r\n    font-family: Arial, sans-serif;\r\n    font-size: 14px;\r\n    color: #333;\r\n  }\r\n  .footer .footer-container {\r\n    max-width: 1200px;\r\n    margin: auto;\r\n    display: flex;\r\n    flex-wrap: wrap;\r\n    justify-content: space-between;\r\n    gap: 30px;\r\n  }\r\n  .footer-column {\r\n    flex: 1 1 250px;\r\n    min-width: 250px;\r\n  }\r\n  .footer-column h4 {\r\n    font-size: 16px;\r\n    margin-bottom: 10px;\r\n    color: #b72b45;\r\n  }\r\n  \/* Standard Links *\/\r\n  .footer a {\r\n    color: #444;\r\n    text-decoration: none;\r\n  }\r\n  .footer a:hover {\r\n    text-decoration: underline;\r\n  }\r\n  \/* Adresse Links in Rot *\/\r\n  .footer-column.footer-address a {\r\n    color: #b72b45;\r\n    text-decoration: none;\r\n  }\r\n  .footer-column.footer-address a:hover {\r\n    text-decoration: underline;\r\n  }\r\n\r\n  \/* Immer unterstreichen in der Rechtliches-Spalte *\/\r\n  .footer-column.footer-legal a {\r\n    text-decoration: underline;\r\n  }\r\n\r\n  \/* Logo *\/\r\n  .footer-column.footer-logo img {\r\n    max-width: 100%;\r\n    height: auto;\r\n    display: block;\r\n  }\r\n\r\n  \/* Mobile *\/\r\n  @media (max-width: 600px) {\r\n    .footer {\r\n      padding: 15px 10px 5px;\r\n    }\r\n    .footer .footer-container {\r\n      gap: 5px;\r\n      justify-content: flex-start;\r\n    }\r\n\r\n    \/* Reihenfolge & Breiten *\/\r\n    .footer-column.footer-hours   { order: 0; width: 48%; }\r\n    .footer-column.footer-address { order: 1; width: 48%; }\r\n    .footer-column.footer-legal   { order: 2; width: 100%; margin-bottom: 20px; }\r\n    .footer-column.footer-logo    { order: 3; width: 100%; }\r\n    .footer-column.footer-logo img {\r\n      max-width: 60%;\r\n      margin: 0 auto;\r\n    }\r\n\r\n    .footer-column h4 {\r\n      margin-bottom: 4px;\r\n    }\r\n    .footer-column p {\r\n      margin: 0 0 3px;\r\n    }\r\n  }\r\n<\/style>\r\n\r\n<div class=\"footer\">\r\n  <div class=\"footer-container\">\r\n\r\n    <!-- \u00d6ffnungszeiten -->\r\n    <div class=\"footer-column footer-hours\">\r\n      <h4>\u00d6ffnungszeiten<\/h4>\r\n      <p>\r\n        <strong>Mo | Mi | Fr<\/strong><br>\r\n        08:30 \u2013 12:30<br>\r\n        14:00 \u2013 18:00\r\n      <\/p>\r\n      <p>\r\n        <strong>Di und Do<\/strong><br>\r\n        08:30 \u2013 14:00\r\n      <\/p>\r\n      <p>\r\n        <strong>Samstag<\/strong><br>\r\n        08:30 \u2013 12:30\r\n      <\/p>\r\n      <p>\r\n        <strong>Sonntag<\/strong><br>\r\n        Geschlossen\r\n      <\/p>\r\n    <\/div>\r\n\r\n    <!-- Adresse -->\r\n    <div class=\"footer-column footer-address\">\r\n      <h4>Adresse<\/h4>\r\n      <p>\r\n        Karl Morre-Gasse 1<br>\r\n        8430 Leibnitz\r\n      <\/p>\r\n      <p>\r\n        <a href=\"tel:+43345283348\">Tel: 03452 \/ 833 48<\/a><br>\r\n        <a href=\"mailto:office@blumengruber.at\">E-Mail: office@blumengruber.at<\/a>\r\n      <\/p>\r\n    <\/div>\r\n\r\n    <!-- Rechtliches -->\r\n    <div class=\"footer-column footer-legal\">\r\n      <h4>Rechtliches<\/h4>\r\n      <p><a href=\"https:\/\/www.blumengruber.at\/?page_id=182\">Impressum<\/a><\/p>\r\n      <p><a href=\"https:\/\/www.blumengruber.at\/?page_id=3\">Datenschutzerkl\u00e4rung<\/a><\/p>\r\n    <\/div>\r\n\r\n    <!-- Logo -->\r\n    <div class=\"footer-column footer-logo\">\r\n      <img decoding=\"async\" src=\"https:\/\/www.blumengruber.at\/wp-content\/uploads\/2025\/06\/Smal-Logo.jpg\"\r\n           alt=\"Doris Dworschak Logo\">\r\n    <\/div>\r\n\r\n  <\/div>\r\n<\/div>\r\n\t\t\t\t<\/div>\n\t\t\t\t<\/div>\n\t\t\t\t\t<\/div>\n\t\t\t\t<\/div>\n\t\t<div class=\"elementor-element elementor-element-9bf5468 e-flex e-con-boxed e-con e-parent\" data-id=\"9bf5468\" data-element_type=\"container\" data-e-type=\"container\">\n\t\t\t\t\t<div class=\"e-con-inner\">\n\t\t\t\t<div class=\"elementor-element elementor-element-9a4c8f5 elementor-invisible elementor-widget elementor-widget-google_maps\" data-id=\"9a4c8f5\" data-element_type=\"widget\" data-e-type=\"widget\" data-settings=\"{&quot;_animation&quot;:&quot;slideInUp&quot;}\" data-widget_type=\"google_maps.default\">\n\t\t\t\t<div class=\"elementor-widget-container\">\n\t\t\t\t\t\t\t<div class=\"elementor-custom-embed\">\n\t\t\t<iframe loading=\"lazy\"\n\t\t\t\t\tsrc=\"https:\/\/maps.google.com\/maps?q=Karl%20Morre-Gasse%201%208430%20Leibnitz&#038;t=m&#038;z=16&#038;output=embed&#038;iwloc=near\"\n\t\t\t\t\ttitle=\"Karl Morre-Gasse 1 8430 Leibnitz\"\n\t\t\t\t\taria-label=\"Karl Morre-Gasse 1 8430 Leibnitz\"\n\t\t\t><\/iframe>\n\t\t<\/div>\n\t\t\t\t\t\t<\/div>\n\t\t\t\t<\/div>\n\t\t\t\t\t<\/div>\n\t\t\t\t<\/div>\n\t\t\t\t<\/div>\n\t\t","protected":false},"excerpt":{"rendered":"<p>Startseite Text im farbigen Feld Willkommen bei BLUMEN GRUBER \u2013 Ihre Adresse f\u00fcr florale Handwerkskunst in Leibnitz Mehr als 40 Jahre hat Gertrude Gruber mit Hingabe, Kreativit\u00e4t und Leidenschaft Ihre Kundinnen und Kunden mit Blumen und Pflanzen in bester Qualit\u00e4t verzaubert. Im Juni 2025 habe ich die Leitung \u00fcbernommen und f\u00fchre dieses traditionsreiche Blumenfachgesch\u00e4ft mit [&hellip;]<\/p>\n","protected":false},"author":1,"featured_media":0,"parent":0,"menu_order":0,"comment_status":"closed","ping_status":"closed","template":"elementor_canvas","meta":{"ngg_post_thumbnail":0,"footnotes":""},"class_list":["post-46","page","type-page","status-publish","hentry"],"_links":{"self":[{"href":"https:\/\/www.blumengruber.at\/index.php?rest_route=\/wp\/v2\/pages\/46","targetHints":{"allow":["GET"]}}],"collection":[{"href":"https:\/\/www.blumengruber.at\/index.php?rest_route=\/wp\/v2\/pages"}],"about":[{"href":"https:\/\/www.blumengruber.at\/index.php?rest_route=\/wp\/v2\/types\/page"}],"author":[{"embeddable":true,"href":"https:\/\/www.blumengruber.at\/index.php?rest_route=\/wp\/v2\/users\/1"}],"replies":[{"embeddable":true,"href":"https:\/\/www.blumengruber.at\/index.php?rest_route=%2Fwp%2Fv2%2Fcomments&post=46"}],"version-history":[{"count":488,"href":"https:\/\/www.blumengruber.at\/index.php?rest_route=\/wp\/v2\/pages\/46\/revisions"}],"predecessor-version":[{"id":755,"href":"https:\/\/www.blumengruber.at\/index.php?rest_route=\/wp\/v2\/pages\/46\/revisions\/755"}],"wp:attachment":[{"href":"https:\/\/www.blumengruber.at\/index.php?rest_route=%2Fwp%2Fv2%2Fmedia&parent=46"}],"curies":[{"name":"wp","href":"https:\/\/api.w.org\/{rel}","templated":true}]}}